3). Suppose q*j - 50 = -p - 0*j, -140 = -4*p + 4*j. What is the remainder when p is divided by 14?
12
Suppose -2*b = 3*b - 4*f - 22, -b - 2 = -4*f. Calculate the remainder when 64 is divided by b.
4
Calculate the remainder when (-3 - 0)*(-260)/12 is divided by 17.
14
Suppose 3*l = 4*m + 49 + 7, -4*l + 3*m = -63. Calculate the remainder when 21 is divided by l.
9
Suppose 0 = -3*f + 2*f + 8. What is the remainder when 22 is divided by f?
6
Suppose -9*k + 52 = -7*k. Calculate the remainder when 101 is divided by k.
23
Let w(x) = x**3 + 2*x**2 - 2*x + 4. Let r be w(-3). Let t(m) be the first derivative of 3*m**2/2 + 6. What is the remainder when 4 is divided by t(r)?
1
Suppose l + 3*s = -2, -s - 1 = -3*l + 3. Let p = 3 + l. Calculate the remainder when 11 is divided by p.
3
Suppose -y + 5*y - 5*v = 29, -4*y + 2*v + 26 = 0. What is the remainder when 50 is divided by (-1)/y - 103/(-6)?
16
Let b = -26 + 35. Calculate the remainder when b is divided by 3.
0
Suppose f = -2*f + 6. What is the remainder when ((-20)/(-6))/((-1)/(-6)) is divided by f*(6/4 + 2)?
6
Let k = -4 + 23. What is the remainder when 36 is divided by k?
17
Let q(z) = 2*z**3 - 10*z**2 - 3*z - 19. What is the remainder when q(6) is divided by 10?
5
Suppose -11*m + 8*m = -66. What is the remainder when 60 is divided by m?
16
Let j(l) = -l + 87. What is the remainder when j(-19) is divided by 10?
6
Suppose 9*d - 5 = 4*d. Calculate the remainder when d is divided by 1.
0
Suppose -5*t - 6*r - 10 = -r, -3*r = 5*t. Let i(l) = l**2 - 2. Calculate the remainder when t is divided by i(-2).
1
Suppose 0*m - 3*m + 78 = 0. What is the remainder when 76 is divided by m?
24
Let c(j) = -j**2 + 8*j + 9. Let f be (-3 - (1 - 1))*-1. Suppose 0 = x + f*r - 21, 5*r - 52 = -4*x + r. Calculate the remainder when c(7) is divided by x.
7
Suppose 2*w + 3 = 11. Let s be (-4)/18 - 492/(-27). Calculate the remainder when 16/6*s/8 is divided by w.
2
Calculate the remainder when 15 is divided by (-14)/49 + (-130)/(-14).
6
Let x(h) = -104*h + 9. Let r be x(6). Calculate the remainder when (-4)/(-10) + r/(-25) is divided by 13.
12
Let p(b) = 2*b + 3. Let w be p(4). Suppose -10*j = -w*j + 37. What is the remainder when j is divided by 1 - (0 - 13) - 1?
11
Let q(i) = -i - 2. Let p(d) = 1. Let n(l) = -2*p(l) - q(l). Let v be (2 - -1) + 6 + -3. Calculate the remainder when n(v) is divided by 3.
0
Suppose -5*v = -3*x - 69, -3*v + 3*x + 39 = -0*x. Suppose 3*u + 0*u = 12. Calculate the remainder when v is divided by u.
3
Let v = 21 + 8. Suppose -4*q + 15 = -v. Suppose -2*j = -31 - 31. What is the remainder when j is divided by q?
9
Let f be (2/(-5))/(2/20). Calculate the remainder when -1 + 4 + f - -45 is divided by 12.
8
Suppose -3*k + 32 + 25 = 0. What is the remainder when 73 + 0/(-1 - 0) is divided by k?
16
Let w = -28 - -45. Calculate the remainder when 31 is divided by w.
14
Let w(u) = -5*u - 3. Suppose -4*p - r = -128, -4*r - 46 = -2*p - 9*r. What is the remainder when p is divided by w(-4)?
16
Let o(q) = -q**2 + 13*q + 9. What is the remainder when o(7) is divided by 18?
15
Let w = -67 - -75. Calculate the remainder when 54 is divided by w.
6
Let y = 43 + -22. Let w = 30 - y. Suppose 2*j = -3*u - j + 66, -5*u - 2*j = -122. What is the remainder when u is divided by w?
8
Calculate the remainder when (-1020)/(-24) - -1*1/2 is divided by 9.
7
Suppose -4*l - 88 = -4*c, 0 = -c - 0*c + 3*l + 28. Suppose 2*k + 40 = 114. What is the remainder when k is divided by c?
18
Let o = 109 + -102. Calculate the remainder when o is divided by 2.
1
Let r = -1 + 1. Let w = r + 16. What is the remainder when 46 is divided by w?
14
Let d(p) = 16*p - 2. Let k(x) = x. Let n(q) = d(q) - 8*k(q). Let b be n(2). Suppose -s - 2 = -b. What is the remainder when 35 is divided by s?
11
Suppose -2*y - 23 = -x, 3*x + 71 = -3*y - y. Let r(q) = -q**3 - q**2 - q. Let j be r(-3). Let o = j + y. Calculate the remainder when 12 is divided by o.
5
Let k = -11 + 18. Calculate the remainder when k is divided by 3.
1
Let f(l) = -l**3 + 2*l**2 + 3*l - 3. Let o be f(2). Suppose 0 = -4*k + o*k + 22. Calculate the remainder when 65 is divided by k.
21
Let u(s) = 2*s. Let o be u(-7). Let a be o/(-18) + 6/27. What is the remainder when 37 is divided by 1*(13 + (a - 1))?
11
Let u = 40 - 29. Calculate the remainder when 20 is divided by u.
9
Let d(s) be the second derivative of s**4/12 + s**3/6 + 25*s**2/2 - s. Let c = 16 - 7. What is the remainder when d(0) is divided by c?
7
Let h = -5 + 7. Let m(i) = -10 + 20 + 2*i - 7*i**2 + h*i**3 - i**3. What is the remainder when 71 is divided by m(7)?
23
Let g(b) = -b + 40. What is the remainder when 63 is divided by g(24)?
15
Let s(i) = 7*i**2 - 2*i - 4. Let a be s(3). Suppose 2 = k - a. Let t(f) = f**2 - f - 11. Calculate the remainder when k is divided by t(-5).
17
Suppose 0 = 2*h - 6*h + 8. Calculate the remainder when 8 is divided by h.
0
Let p(i) = 24*i - 6. Let y be p(4). Suppose y = 5*l - 115. Let b = l + -15. What is the remainder when b is divided by 9?
8
Suppose 2*p + 49 = 13. Let f = p + 31. Suppose 0 = -2*v + 5 + 5. Calculate the remainder when f is divided by v.
3
Let t(q) = -q**3 + 9*q**2 - 8*q + 2. Calculate the remainder when t(6) is divided by 13.
10
Suppose 4*i = -3*j + 48, -4*i = -2*i + 5*j - 38. What is the remainder when 23 is divided by i?
5
Suppose 5*c + b = 16, c + 4*b + 0 - 7 = 0. Suppose -64 = -t + c*n, -5*t = -n - 4*n - 350. Calculate the remainder when t is divided by 19.
16
Suppose -12 = -3*t - t. Suppose 2*z - 77 = -t*p, -3 = -p - 0. What is the remainder when z is divided by ((-6)/(-9))/(1/18)?
10
Suppose -2*q + 3*x + 225 = 2*q, 3*q = -5*x + 147. What is the remainder when q is divided by 14?
12
Let b(y) = -6*y. Let m be b(-9). Suppose -4*f = -f - m. What is the remainder when 53 is divided by f?
17
Let w(h) = -h**3 - 5*h**2 + h + 7. Let p be w(-5). Let a = p + -4. Calculate the remainder when 13 is divided by 57/15 + a/(-10).
1
Suppose 6*q + 3*q = 828. What is the remainder when q is divided by 19?
16
Suppose -3*c + 7*c = 52. Let f = -10 + c. What is the remainder when f is divided by 2?
1
Let h(n) be the third derivative of n**6/120 - 2*n**5/15 - n**4/6 - 11*n**3/6 + 2*n**2. Calculate the remainder when h(9) is divided by 12.
10
Let o(i) = i. Let l be o(-2). Let n = l - -20. Calculate the remainder when 35 is divided by n.
17
Suppose 2*h + h - 108 = 0. Let o be ((-50)/(-15))/(6/9). Suppose o*n = n + h. What is the remainder when 26 is divided by n?
8
Let u = -26 + 63. Let w be (-3)/(-2)*4/3. Suppose -i = b + 4*i + 15, -b + w*i + 20 = 0. What is the remainder when u is divided by b?
7
Let y be 60/14 - 4/14. Let u = y + 5. Calculate the remainder when 25 is divided by u.
7
Let x be ((-3)/2)/(1/(-2)). Let o(g) = 2 + 2*g - x + 0 + 5*g**2. What is the remainder when o(-3) is divided by 13?
12
Suppose -27*c = -22*c - 185. Calculate the remainder when c is divided by 10.
7
Let t(z) = -z + 2. Let u be t(2). Suppose b - i = 6, u = -3*i + i - 4. Calculate the remainder when 12 is divided by 1 - (-18)/(-1 + b).
5
Let y = 8 - 8. Suppose y = -5*m + 2*c + 186, m - 189 = -4*m + 3*c. What is the remainder when m is divided by 13?
10
Calculate the remainder when 1/3*3 + 3 is divided by 3.
1
Let x(y) = -y + 3. Let r be x(0). Suppose -f + r*u = 4*u - 58, 2*u = -4*f + 224. Let h(p) = -7*p. Calculate the remainder when f is divided by h(-2).
12
Let v = -3 - -16. What is the remainder when 49 is divided by v?
10
What is the remainder when 111 is divided by (1 + -1 + -2)*-19?
35
Let o = -9 + 24. Let i = -32 + 60. Calculate the remainder when i is divided by o.
13
Suppose 0 = -x - 28 - 27. Let z = 80 + x. Calculate the remainder when z is divided by 14.
11
Let z = -7 - -29. Calculate the remainder when 103 is divided by z.
15
Calculate the remainder when 6/4*-4*(-250)/30 is divided by 13.
11
Let f(p) = 10*p**2 - 6*p + 4. What is the remainder when 94 is divided by f(2)?
30
Suppose z - 34 = -0*z + 4*b, -5*z - b = -233. Let q = -27 + z. What is the remainder when q is divided by 10?
9
Let o(i) be the first derivative of 2*i**2 - 13*i + 1. Let l be -1*(-1 + -1) - -7. Calculate the remainder when o(l) is divided by 12.
11
What is the remainder when ((-2)/4)/(3/(-504)) is divided by 22?
18
Suppose -4*j = -3*f + 59, 5